greatest common factor of 275 and 15.
5
Calculate the greatest common divisor of 9667 and 14.
7
What is the highest common factor of 3116 and 912?
76
What is the greatest common factor of 420 and 1995?
105
What is the greatest common divisor of 100 and 265?
5
What is the highest common divisor of 118 and 118?
118
What is the greatest common divisor of 40 and 32?
8
Calculate the highest common divisor of 1328 and 16.
16
What is the highest common factor of 156 and 884?
52
Calculate the highest common divisor of 6 and 7.
1
What is the highest common divisor of 27946 and 356?
178
Calculate the highest common factor of 171 and 3.
3
What is the greatest common factor of 70 and 3490?
10
Calculate the highest common divisor of 30 and 6330.
30
Calculate the highest common divisor of 86 and 903.
43
What is the greatest common factor of 4 and 62?
2
Calculate the greatest common factor of 22 and 198.
22
What is the highest common factor of 13 and 9217?
13
What is the greatest common factor of 282 and 4418?
94
Calculate the highest common divisor of 107 and 3531.
107
What is the highest common factor of 348 and 36?
12
What is the greatest common factor of 88 and 1716?
44
What is the greatest common factor of 210 and 770?
70
Calculate the highest common factor of 46 and 989.
23
What is the greatest common divisor of 72 and 252?
36
What is the greatest common divisor of 84 and 63?
21
Calculate the greatest common divisor of 6 and 24.
6
What is the highest common factor of 55 and 1045?
55
What is the highest common factor of 1860 and 16368?
372
What is the greatest common factor of 3466 and 8?
2
Calculate the greatest common factor of 88 and 136.
8
What is the highest common factor of 98 and 4?
2
What is the highest common factor of 155 and 25?
5
Calculate the highest common factor of 2905 and 35.
35
What is the greatest common factor of 9 and 6?
3
What is the greatest common divisor of 319 and 22?
11
What is the greatest common factor of 2916 and 108?
108
What is the greatest common divisor of 1197 and 21?
21
Calculate the highest common factor of 488 and 305.
61
Calculate the highest common factor of 15 and 10245.
15
Calculate the greatest common factor of 84 and 84.
84
What is the highest common factor of 1155 and 63?
21
Calculate the highest common divisor of 200 and 725.
25
What is the highest common divisor of 3074 and 522?
58
What is the greatest common factor of 171 and 1387?
19
Calculate the greatest common factor of 32 and 3768.
8
What is the greatest common factor of 16920 and 240?
120
What is the highest common divisor of 360 and 5148?
36
What is the highest common divisor of 46 and 1288?
46
Calculate the highest common factor of 242 and 12947.
121
Calculate the highest common factor of 42 and 1134.
42
Calculate the greatest common factor of 3200 and 4.
4
Calculate the greatest common divisor of 9 and 309.
3
What is the highest common divisor of 13 and 208?
13
Calculate the highest common divisor of 77 and 22.
11
What is the highest common divisor of 90 and 558?
18
Calculate the highest common divisor of 363 and 55.
11
Calculate the greatest common factor of 146 and 73.
73
What is the highest common divisor of 12 and 128?
4
What is the highest common divisor of 516 and 12?
12
Calculate the highest common divisor of 273 and 42.
21
Calculate the highest common factor of 580 and 812.
116
Calculate the highest common divisor of 765 and 221.
17
What is the highest common divisor of 1080 and 860?
20
Calculate the greatest common factor of 284 and 6.
2
What is the greatest common factor of 30 and 4400?
10
What is the highest common divisor of 176 and 49104?
176
What is the highest common divisor of 2451 and 258?
129
What is the greatest common divisor of 28819 and 179?
179
What is the greatest common factor of 405 and 495?
45
What is the greatest common factor of 2450 and 10?
10
What is the highest common factor of 96 and 624?
48
Calculate the greatest common factor of 312 and 507.
39
What is the greatest common divisor of 44 and 77?
11
What is the highest common factor of 231 and 44?
11
Calculate the greatest common divisor of 140 and 392.
28
Calculate the highest common divisor of 43 and 5633.
43
Calculate the highest common divisor of 52 and 169.
13
What is the highest common divisor of 261 and 12?
3
Calculate the highest common factor of 150 and 174.
6
What is the highest common divisor of 681 and 1816?
227
Calculate the highest common divisor of 48 and 38576.
16
Calculate the highest common factor of 55 and 165.
55
Calculate the highest common divisor of 333 and 37.
37
What is the highest common factor of 153 and 2193?
51
Calculate the highest common divisor of 8 and 244.
4
Calculate the greatest common factor of 7 and 11.
1
Calculate the highest common factor of 11661 and 169.
169
What is the greatest common factor of 16 and 584?
8
What is the greatest common divisor of 888 and 2?
2
What is the greatest common factor of 615 and 1968?
123
What is the highest common divisor of 128 and 72?
8
Calculate the greatest common factor of 2139 and 93.
93
Calculate the greatest common factor of 164 and 41.
41
What is the greatest common divisor of 272 and 25?
1
Calculate the highest common divisor of 13149 and 27.
27
Calculate the highest common divisor of 1196 and 5681.
299
Calculate the greatest common divisor of 11 and 176.
11
What is the highest common factor of 54 and 162?
54
What is the greatest common factor of 4 and 4764?
4
What is the greatest common divisor of 5 and 40?
5
Calculate the greatest common divisor of 1452 and 132.
132
Calculate the greatest common divisor of 15600 and 75.
75
Calculate the highest common divisor of 411 and 12.
3
What is the greatest common factor of 10 and 5870?
10
Calculate the highest common factor of 92 and 115.
23
What is the greatest common divisor of 1323 and 54?
27
What is the greatest common factor of 11 and 55?
11
What is the highest common divisor of 2835 and 35?
35
What is the highest common divisor of 1248 and 39?
39
Calculate the highest common factor of 2 and 298.
2
What is the greatest common divisor of 63 and 2934?
9
Calculate the highest common factor of 7100 and 213.
71
What is the greatest common factor of 850 and 34?
34
Calculate the highest common divisor of 14752 and 5993.
461
Calculate the greatest common divisor of 264 and 3408.
24
Calculate the highest common divisor of 2475 and 99.
99
What is the greatest common divisor of 1 and 37?
1
What is the highest common factor of 792 and 297?
99
What is the highest common factor of 9 and 14517?
9
What is the highest common factor of 406 and 6293?
203
What is the greatest common divisor of 2438 and 159?
53
What is the highest common divisor of 324 and 5886?
54
What is the greatest common factor of 4970 and 315?
35
What is the highest common divisor of 238 and 7?
7
Calculate the greatest common divisor of 4233 and 153.
51
What is the greatest common factor of 49 and 28?
7
What is the highest common divisor of 136 and 12?
4
Calculate the greatest common factor of 2646 and 98.
98
What is the greatest common divisor of 69 and 4899?
69
Calculate the greatest common divisor of 4 and 158.
2
Calculate the greatest common factor of 1643 and 31.
31
What is the greatest common factor of 1921 and 226?
113
Calculate the greatest common factor of 52 and 1664.
52
What is the highest common divisor of 5 and 315?
5
Calculate the highest common divisor of 11745 and 145.
145
Calculate the greatest common factor of 3564 and 264.
132
What is the greatest common factor of 1221 and 198?
33
Calculate the highest common factor of 12532 and 104.
52
Calculate the highest common divisor of 71 and 5183.
71
Calculate the highest common divisor of 1702 and 92.
46
Calculate the greatest common factor of 16 and 1112.
8
Calculate the highest common factor of 2 and 106.
2
What is the highest common divisor of 65 and 13?
13
Calculate the highest common divisor of 1734 and 6.
6
What is the highest common factor of 84 and 7356?
12
What is the greatest common divisor of 20 and 280?
20
What is the greatest common factor of 258 and 14018?
86
What is the greatest common divisor of 296 and 555?
37
What is the greatest common factor of 220 and 44?
44
Calculate the greatest common divisor of 30 